8?
15
Calculate the remainder when 1766 is divided by 533.
167
What is the remainder when 245659 is divided by 113?
110
What is the remainder when 22038 is divided by 44?
38
Calculate the remainder when 1680637 is divided by 40.
37
What is the remainder when 154227 is divided by 161?
150
What is the remainder when 439163 is divided by 33?
32
What is the remainder when 147285 is divided by 68?
65
What is the remainder when 751083 is divided by 27?
24
Calculate the remainder when 10849 is divided by 139.
7
What is the remainder when 865829 is divided by 54?
47
What is the remainder when 5567 is divided by 2515?
537
Calculate the remainder when 4177 is divided by 870.
697
What is the remainder when 12399 is divided by 2893?
827
What is the remainder when 4815 is divided by 168?
111
What is the remainder when 1044025 is divided by 29?
25
Calculate the remainder when 170258 is divided by 551.
550
Calculate the remainder when 41001 is divided by 342.
303
Calculate the remainder when 690 is divided by 239.
212
What is the remainder when 6253 is divided by 91?
65
What is the remainder when 33145 is divided by 35?
0
Calculate the remainder when 9680 is divided by 403.
8
What is the remainder when 6440 is divided by 34?
14
Calculate the remainder when 96592 is divided by 5.
2
Calculate the remainder when 1977 is divided by 191.
67
What is the remainder when 840414 is divided by 27110?
4
Calculate the remainder when 1032446 is divided by 256.
254
Calculate the remainder when 13917 is divided by 7.
1
Calculate the remainder when 835262 is divided by 9.
8
Calculate the remainder when 76 is divided by 10.
6
What is the remainder when 318403 is divided by 441?
1
Calculate the remainder when 4231853 is divided by 328.
325
Calculate the remainder when 58894 is divided by 521.
21
What is the remainder when 99283 is divided by 50?
33
Calculate the remainder when 132332 is divided by 133.
130
What is the remainder when 22024 is divided by 408?
400
Calculate the remainder when 59233 is divided by 14807.
5
Calculate the remainder when 27223 is divided by 1189.
1065
What is the remainder when 411741 is divided by 340?
1
Calculate the remainder when 280 is divided by 261.
19
What is the remainder when 228 is divided by 187?
41
Calculate the remainder when 1399 is divided by 374.
277
What is the remainder when 34784 is divided by 11571?
71
Calculate the remainder when 3473 is divided by 3332.
141
Calculate the remainder when 4980 is divided by 156.
144
What is the remainder when 10280 is divided by 194?
192
Calculate the remainder when 2850 is divided by 84.
78
What is the remainder when 8304 is divided by 91?
23
Calculate the remainder when 8106 is divided by 426.
12
What is the remainder when 754 is divided by 374?
6
Calculate the remainder when 4608 is divided by 1511.
75
Calculate the remainder when 1645 is divided by 1606.
39
Calculate the remainder when 368151 is divided by 590.
581
What is the remainder when 7593 is divided by 150?
93
What is the remainder when 2192 is divided by 438?
2
What is the remainder when 155735 is divided by 77832?
71
Calculate the remainder when 5625875 is divided by 2792.
2787
Calculate the remainder when 2019 is divided by 508.
495
What is the remainder when 6076 is divided by 2831?
414
What is the remainder when 223836 is divided by 433?
408
What is the remainder when 249637 is divided by 22691?
36
Calculate the remainder when 81192 is divided by 13.
7
Calculate the remainder when 115707 is divided by 7231.
11
Calculate the remainder when 2959289 is divided by 476.
473
Calculate the remainder when 238827 is divided by 37.
29
What is the remainder when 484 is divided by 461?
23
Calculate the remainder when 352238 is divided by 740.
738
Calculate the remainder when 16086 is divided by 156.
18
What is the remainder when 103988 is divided by 6?
2
Calculate the remainder when 34729 is divided by 11573.
10
Calculate the remainder when 2120 is divided by 546.
482
What is the remainder when 8174 is divided by 1003?
150
Calculate the remainder when 2060 is divided by 20.
0
What is the remainder when 3118 is divided by 115?
13
What is the remainder when 2345 is divided by 392?
385
Calculate the remainder when 9725 is divided by 71.
69
What is the remainder when 1719 is divided by 40?
39
Calculate the remainder when 407219 is divided by 30.
29
What is the remainder when 97071 is divided by 837?
816
Calculate the remainder when 14702 is divided by 21.
2
Calculate the remainder when 14393 is divided by 3594.
17
What is the remainder when 6316 is divided by 211?
197
Calculate the remainder when 7174 is divided by 1369.
329
Calculate the remainder when 213985 is divided by 18.
1
What is the remainder when 43526 is divided by 14490?
56
What is the remainder when 409 is divided by 402?
7
Calculate the remainder when 109381 is divided by 452.
449
What is the remainder when 18733 is divided by 258?
157
What is the remainder when 9254 is divided by 4613?
28
What is the remainder when 22764 is divided by 11372?
20
Calculate the remainder when 548 is divided by 288.
260
What is the remainder when 196442 is divided by 8540?
22
Calculate the remainder when 46262 is divided by 39.
8
What is the remainder when 179192 is divided by 127?
122
Calculate the remainder when 261 is divided by 121.
19
Calculate the remainder when 287267 is divided by 26.
19
What is the remainder when 58138 is divided by 570?
568
What is the remainder when 341729 is divided by 129?
8
What is the remainder when 7078 is divided by 33?
16
Calculate the remainder when 5184 is divided by 422.
120
What is the remainder when 3443 is divided by 79?
46
Calculate the remainder when 1038544 is divided by 1279.
1275
What is the remainder when 14169 is divided by 232?
17
What is the remainder when 2751579 is divided by 127?
124
Calculate the remainder when 56370 is divided by 108.
102
Calculate the remainder when 4143 is divided by 457.
30
Calculate the remainder when 3663 is divided by 292.
159
Calculate the remainder when 14252 is divided by 55.
7
What is the remainder when 24733 is divided by 650?
33
Calculate the remainder when 16821 is divided by 47.
42
Calculate the remainder when 4143 is divided by 101.
2
Calculate the remainder when 702946 is divided by 61.
43
What is the remainder when 1467 is divided by 252?
207
What is the remainder when 3344 is divided by 68?
12
What is the remainder when 3870 is divided by 1933?
4
Calculate the remainder when 403457 is divided by 36677.
10
Calculate the remainder when 35534 is divided by 35516.
18
What is the remainder when 1101 is divided by 7?
2
Calculate the remainder when 460 is divided by 10.
0
What is the remainder when 8509297 is divided by 794?
793
What is the remainder when 16607 is divided by 1508?
19
What is the remainder when 3472 is divided by 43?
32
Calculate the remainder when 91483 is divided by 594.
7
Calculate the remainder when 29512 is divided by 66.
10
Calculate the remainder when 847042 is divided by 7771.
3
Calculate the remainder when 471 is divided by 353.
118
Calculate the remainder when 714344 is divided by 142868.
4
What is the remainder when 66543 is divided by 516?
495
What is the remainder when 9887 is divided by 3207?
266
What is the remainder when 8066 is divided by 794?
126
What is the remainder when 4045 is divided by 138?
43
What is the remainder when 1745 is divided by 259?
191
What is the remainder when 14024 is divided by 203?
17
Calculate the remainder when 22119 is divided by 40.
39
What is the remainder when 333 is divided by 10?
3
What is the remainder when 118890 is divided by 41?
31
Calculate the remainder when 14073 is divided by 176.
169
What is the remainder when 15110 is divided by 55?
40
Calculate the remainder when 19106 is divided by 596.
34
Calculate the remainder when 1020598 is divided by 280.
278
Calculate the remainder when 1091 is divided by 595.
496
Calculate the remainder when 818606 is divided by 1342.
1328
Calculate the remainder when 1946012 is divided by 36.
32
Calculate the remainder when 79724 is divided by 27.
20
Calculate the remainder when 19337 is divided by 3220.
17
What is the remainder when 2879 is divided by 23?
4
Calculate the remainder when 1523 is divided by 252.
11
Ca